{"id":15,"date":"2020-03-29T09:46:47","date_gmt":"2020-03-29T09:46:47","guid":{"rendered":"http:\/\/monikalorenz.de\/?page_id=15"},"modified":"2023-08-25T17:50:31","modified_gmt":"2023-08-25T17:50:31","slug":"willkommen","status":"publish","type":"page","link":"https:\/\/monikalorenz.de\/","title":{"rendered":"Ich m\u00f6chte Hilfe zur Heilung und Unterst\u00fctzung f\u00fcr mehr Wohlbefinden vermitteln"},"content":{"rendered":"\r\n<p>&nbsp;<\/p>\r\n\r\n\r\n\r\n<p><img loading=\"lazy\" class=\"alignnone size-medium wp-image-58\" src=\"http:\/\/monikalorenz.de\/wp-content\/uploads\/2020\/03\/Monika-Lorenz-300x198.jpg\" alt=\"\" width=\"300\" height=\"198\" srcset=\"https:\/\/monikalorenz.de\/wp-content\/uploads\/2020\/03\/Monika-Lorenz-300x198.jpg 300w, https:\/\/monikalorenz.de\/wp-content\/uploads\/2020\/03\/Monika-Lorenz-100x66.jpg 100w, https:\/\/monikalorenz.de\/wp-content\/uploads\/2020\/03\/Monika-Lorenz-150x99.jpg 150w, https:\/\/monikalorenz.de\/wp-content\/uploads\/2020\/03\/Monika-Lorenz-200x132.jpg 200w, https:\/\/monikalorenz.de\/wp-content\/uploads\/2020\/03\/Monika-Lorenz-450x298.jpg 450w, https:\/\/monikalorenz.de\/wp-content\/uploads\/2020\/03\/Monika-Lorenz.jpg 493w\" sizes=\"(max-width: 300px) 100vw, 300px\" \/><\/p>\r\n\r\n\r\n\r\n<h2>\u201eWer sich bewusst ern\u00e4hrt, befindet sich schon ein St\u00fcck weit auf dem Weg seiner Heilung.\u201c<\/h2>\r\n<ul>\r\n<li>Ern\u00e4hrungs- und Di\u00e4tberaterin<\/li>\r\n<li>Freiberufliche T\u00e4tigkeit seit 1995<\/li>\r\n<li>Heilpraktikerin<\/li>\r\n<li>Individuelle Beratung auf Anfrage oder nach \u00e4rztlicher Verordnung<\/li>\r\n<li>Kochkurse und Seminare<\/li>\r\n<li>Lebensberatung<\/li>\r\n<li>Systemisches Arbeiten, Aufstellungen<\/li>\r\n<li>NLP-Practitioner<\/li>\r\n<li>Ausbildung in Heilpflanzenkunde<\/li>\r\n<li>Dozentin an Volkshochschulen und an Heilpraktikerschulen<\/li>\r\n<li>Dozentin f\u00fcr Ern\u00e4hrung in der Altenpflege, in der Heilp\u00e4dagogik sowie in der Erwachsenenbildung<\/li>\r\n<li>Mitglied der Gesundheitsinitiative Dresden<\/li>\r\n<\/ul>\r\n\r\n\r\n","protected":false},"excerpt":{"rendered":"<p>&nbsp; \u201eWer sich bewusst ern\u00e4hrt, befindet sich schon ein St\u00fcck weit auf dem Weg seiner Heilung.\u201c Ern\u00e4hrungs- und Di\u00e4tberaterin Freiberufliche T\u00e4tigkeit seit 1995 Heilpraktikerin Individuelle Beratung auf Anfrage oder nach \u00e4rztlicher Verordnung Kochkurse und Seminare Lebensberatung Systemisches Arbeiten, Aufstellungen NLP-Practitioner &hellip;<\/p>\n<p class=\"read-more\"> <a class=\"more-link\" href=\"https:\/\/monikalorenz.de\/\"> <span class=\"screen-reader-text\">Ich m\u00f6chte Hilfe zur Heilung und Unterst\u00fctzung f\u00fcr mehr Wohlbefinden vermitteln<\/span> Read More &raquo;<\/a><\/p>\n","protected":false},"author":1,"featured_media":0,"parent":0,"menu_order":0,"comment_status":"closed","ping_status":"closed","template":"","meta":{"spay_email":""},"_links":{"self":[{"href":"https:\/\/monikalorenz.de\/index.php?rest_route=\/wp\/v2\/pages\/15"}],"collection":[{"href":"https:\/\/monikalorenz.de\/index.php?rest_route=\/wp\/v2\/pages"}],"about":[{"href":"https:\/\/monikalorenz.de\/index.php?rest_route=\/wp\/v2\/types\/page"}],"author":[{"embeddable":true,"href":"https:\/\/monikalorenz.de\/index.php?rest_route=\/wp\/v2\/users\/1"}],"replies":[{"embeddable":true,"href":"https:\/\/monikalorenz.de\/index.php?rest_route=%2Fwp%2Fv2%2Fcomments&post=15"}],"version-history":[{"count":31,"href":"https:\/\/monikalorenz.de\/index.php?rest_route=\/wp\/v2\/pages\/15\/revisions"}],"predecessor-version":[{"id":296,"href":"https:\/\/monikalorenz.de\/index.php?rest_route=\/wp\/v2\/pages\/15\/revisions\/296"}],"wp:attachment":[{"href":"https:\/\/monikalorenz.de\/index.php?rest_route=%2Fwp%2Fv2%2Fmedia&parent=15"}],"curies":[{"name":"wp","href":"https:\/\/api.w.org\/{rel}","templated":true}]}}