{"id":103,"date":"2020-03-29T11:43:33","date_gmt":"2020-03-29T11:43:33","guid":{"rendered":"http:\/\/monikalorenz.de\/?page_id=103"},"modified":"2020-03-29T14:20:22","modified_gmt":"2020-03-29T14:20:22","slug":"ratgeber","status":"publish","type":"page","link":"https:\/\/monikalorenz.de\/?page_id=103","title":{"rendered":"Der Leber-Galle-Rhythmus &#8211; ein Schl\u00fcssel f\u00fcr das Wohlbefinden"},"content":{"rendered":"<p>&nbsp;<\/p>\n<ul>\n<li>\n<h2><b>Haupts\u00e4chliche Aktivit\u00e4t der Galle<\/b><\/h2>\n<p>Fettverdauung &#8211; 3.00 bis 15.00 Uhr. In dieser Zeit werden eher &#8222;gehaltvollere&#8220; Speisen gut vertragen und verstoffwechselt. Anregung findet die Galle durch einen herb-bitteren Geschmack, zum Beispiel durch eine Tasse Tausendg\u00fcldenkraut- oder Wermut-Tee vor dem Fr\u00fchst\u00fcck und dem Mittagessen. Auch ein St\u00fcck Pampelmuse oder einige Johannisbeeren am Morgen bringen die Verdauungss\u00e4fte zum Flie\u00dfen.<\/li>\n<\/ul>\n<p>&nbsp;<\/p>\n<ul>\n<li>\n<h2><b>Haupts\u00e4chliche Aktivit\u00e4t der Leber<\/b><\/h2>\n<p>Speicherung der Kohlenhydrate &#8211; 15.00 bis 3.00 Uhr. In dieser Zeit ist es gut, eher kohlenhydratreiche Speisen (Kartoffeln, Brot, Getreidegerichte, ged\u00fcnstetes Gem\u00fcse, s\u00fc\u00dfen Brotbelag \u2026) zu verzehren, um nachts besser zu schlafen und auf optimale Weise neue Lebenskr\u00e4fte aufbauen zu k\u00f6nnen.<\/p>\n<h2>Ein Labsal f\u00fcr die Leber ist eine warme Gem\u00fcsesuppe zum Abendbrot!<\/h2>\n<\/li>\n<\/ul>\n","protected":false},"excerpt":{"rendered":"<p>&nbsp; Haupts\u00e4chliche Aktivit\u00e4t der Galle Fettverdauung &#8211; 3.00 bis 15.00 Uhr. In dieser Zeit werden eher &#8222;gehaltvollere&#8220; Speisen gut vertragen und verstoffwechselt. Anregung findet die Galle durch einen herb-bitteren Geschmack, zum Beispiel durch eine Tasse Tausendg\u00fcldenkraut- oder Wermut-Tee vor dem &hellip;<\/p>\n<p class=\"read-more\"> <a class=\"more-link\" href=\"https:\/\/monikalorenz.de\/?page_id=103\"> <span class=\"screen-reader-text\">Der Leber-Galle-Rhythmus &#8211; ein Schl\u00fcssel f\u00fcr das Wohlbefinden<\/span> Read More &raquo;<\/a><\/p>\n","protected":false},"author":1,"featured_media":0,"parent":0,"menu_order":0,"comment_status":"closed","ping_status":"closed","template":"","meta":{"spay_email":""},"_links":{"self":[{"href":"https:\/\/monikalorenz.de\/index.php?rest_route=\/wp\/v2\/pages\/103"}],"collection":[{"href":"https:\/\/monikalorenz.de\/index.php?rest_route=\/wp\/v2\/pages"}],"about":[{"href":"https:\/\/monikalorenz.de\/index.php?rest_route=\/wp\/v2\/types\/page"}],"author":[{"embeddable":true,"href":"https:\/\/monikalorenz.de\/index.php?rest_route=\/wp\/v2\/users\/1"}],"replies":[{"embeddable":true,"href":"https:\/\/monikalorenz.de\/index.php?rest_route=%2Fwp%2Fv2%2Fcomments&post=103"}],"version-history":[{"count":18,"href":"https:\/\/monikalorenz.de\/index.php?rest_route=\/wp\/v2\/pages\/103\/revisions"}],"predecessor-version":[{"id":177,"href":"https:\/\/monikalorenz.de\/index.php?rest_route=\/wp\/v2\/pages\/103\/revisions\/177"}],"wp:attachment":[{"href":"https:\/\/monikalorenz.de\/index.php?rest_route=%2Fwp%2Fv2%2Fmedia&parent=103"}],"curies":[{"name":"wp","href":"https:\/\/api.w.org\/{rel}","templated":true}]}}